 - i. What are the prime factors of s?
2, 5
What are the prime factors of 1843 + (26 + -2)/6?
1847
Suppose 9801*l = 9803*l - 10924. List the prime factors of l.
2, 2731
Suppose 0 = b - 6*b + 20. Let i be 140/(-25)*(-10)/b. Let y = 16 + i. List the prime factors of y.
2, 3, 5
Let c = 856 - 163. List the prime factors of c.
3, 7, 11
Let q(m) = 389*m + 69. What are the prime factors of q(7)?
2, 349
Let p(z) = 3*z**3 - 6*z**2 + 5*z + 36. List the prime factors of p(8).
2, 307
Suppose 9*h - 330 = 57. Let z = 327 + -225. Let m = z - h. What are the prime factors of m?
59
Let m = 921 - 511. What are the prime factors of m?
2, 5, 41
Suppose 4*x + 5*f = 8768, 2*x = 4*f + 2539 + 1819. What are the prime factors of x?
3
Let x be (6/(-18)*-33)/(1/47). Let c = x + -275. What are the prime factors of c?
2, 11
Let t = -69 + 69. Suppose t = -3*z + 138 + 189. What are the prime factors of z?
109
Let r be 346/4 + (-2)/(-4). Suppose 3*z - r = 177. List the prime factors of z.
2, 11
Suppose -11 - 1 = -3*a. Suppose -3*y + a*y = 3*n - 175, 2*y + 290 = 5*n. What are the prime factors of n?
2, 3, 5
Let g = 703 - 398. What are the prime factors of g?
5, 61
Let w be (6/7)/((-3)/21). Let s be 2/(w/63*3). Let i(d) = -d**2 - 12*d - 7. List the prime factors of i(s).
2, 7
Suppose 4*f - 1760 = 4*w, 5*w - 16 - 9 = 0. What are the prime factors of f?
5, 89
Let d be 13 + -10 + (77 - -2). Let z = d + -23. What are the prime factors of z?
59
Let n(i) = i**2 + 11*i + 7. Let t be n(-8). Let c = t + 41. Suppose -2*m + 4*x + c = -0*x, 5*m - 4*x - 78 = 0. What are the prime factors of m?
2, 3
Suppose 105 = q - 2*x, -4*q + 3*x + 344 + 71 = 0. List the prime factors of q.
103
Let l(i) = 23 + 0*i**2 + i**3 - 21 - 4*i**2. Let u be l(4). Suppose 90 = 5*p + 4*t, -4*t = -p - u*p + 86. What are the prime factors of p?
2, 11
Let f be ((-1)/3)/((-9)/(-135)). Let p = f - -7. Suppose -12 = -z + 2*r + 7, 82 = 4*z - p*r. List the prime factors of z.
3, 7
What are the prime factors of (-6006)/(-4) - (-5 + 156/24)?
2, 3, 5
Suppose -k = 4*k - 10, 2*k + 346 = 5*o. Suppose o = 10*l - 5*l. List the prime factors of l.
2, 7
Let q(a) = 2*a**3 + 131*a**2 + 63*a + 164. List the prime factors of q(-65).
2, 3, 7
Suppose -3*o + 22 + 18 = -5*n, -o = n. Let g be (0 - (3 + -1)) + o. Suppose 4*h + x - 7 = 0, 2*h - x - 26 = g*x. What are the prime factors of h?
3
Suppose 3*w + 8 = w. What are the prime factors of (-16)/w - -53*1?
3, 19
Let j = 28 + -22. List the prime factors of ((-10)/j + (-2)/(-2))*-144.
2, 3
Suppose -2*i + 215 = 3*i. Let t = i + -38. What are the prime factors of t?
5
Suppose 24*u - 5626 = -874. List the prime factors of u.
2, 3, 11
Let z = 48 + -38. Suppose -2*o - 3*u = -505, -z*o + 1220 = -5*o - u. What are the prime factors of o?
5, 7
Let u(p) = -7*p + 26. Suppose -b = -3*t - 2*t + 6, 5*b - 5*t = -30. What are the prime factors of u(b)?
2, 17
List the prime factors of (697 - -2) + 2*(-8)/(-16).
2, 5, 7
Let b(h) = h**3 - 4*h**2 + 5*h - 4. Let l be b(4). Suppose -5*n + 5*o = -580, 0 = -2*o - 2*o - l. Suppose u + 3*u - n = 0. List the prime factors of u.
2, 7
Let q = 5 + 8. Let z = q - 10. Suppose -2*b = -4*o + z*b + 92, -5*b = 4*o - 92. What are the prime factors of o?
23
What are the prime factors of (-16175)/(-10) + -6 + 6/(-4)?
2, 5, 7, 23
Suppose 5*m + 2*t + 236 = -331, 224 = -2*m + 2*t. Let u = m + 182. What are the prime factors of u?
3, 23
Suppose 2*v + 3 = n, n - 4*v - v = 3. Suppose -12 = -2*c - 2*c, -3*c = -n*i + 114. List the prime factors of i.
41
Suppose -50 = 5*n + 2*m, n - 2*m + 27 - 5 = 0. List the prime factors of (-5)/(n/(-13) - (-16 + 17)).
5, 13
List the prime factors of (7448/(-6))/((-220)/(-12) - 19).
2, 7, 19
Let q = -1 + 7. Suppose 2*x - 198 = -3*n + q*x, 2*x = -5*n + 356. List the prime factors of n.
2, 5, 7
Let p(x) = x**3 - 7*x**2 + 5*x + 4. Let c = 4 - -2. Let d be p(c). List the prime factors of -9*2/4*d.
3
Let d = 1310 + -119. List the prime factors of d.
3, 397
Suppose 3*d = 5*a - 9317, 42*a - 37*a = -4*d + 9324. What are the prime factors of a?
2, 233
Let s be 36/30*(-10)/4. Let z be (s - (-27)/7)*7. List the prime factors of 20/(-6)*(-9)/z.
5
Let n(h) = 282*h**2 + 3*h - 12. What are the prime factors of n(-4)?
2, 3, 11, 17
Let j(g) = -31*g + 2. Let v be (-4)/(-5 - -1)*-4. List the prime factors of j(v).
2, 3, 7
Let v = 22 + -19. Suppose -2*u + 5*x = -198, -7 + v = 2*x. List the prime factors of u.
2, 47
Suppose -c + 413 = -4*l, -2*c + c - 3*l = -448. List the prime factors of c.
433
Suppose 2*o - 7*o + 106 = 3*m, 5*o - 3*m = 94. Suppose -4*c = -a - o, 2*c + 3*a + 0 = -4. Suppose 6 = 2*v, v - c*v + 117 = 4*b. List the prime factors of b.
3
Let p(y) = 8*y**2 + 11*y - 4*y**2 - 6 - 2*y**2 + y**2. What are the prime factors of p(-6)?
2, 3
Let v = 13 - 8. Suppose -5*a + 3*b + 55 = 0, -2*a + v*a + b = 19. List the prime factors of (-12)/(-3 + 18/a).
2
Suppose -2*m = 3*l, 6*m = 3*m - 3*l - 6. Let i be m + (-3 - -1) + 4. List the prime factors of 7/((-145)/(-35) + i).
7
Let r(o) = -o**3 + 7*o**2 + 7*o - 1. Let t be r(5). Suppose 5*h - 61 = t. Let l = 56 - h. List the prime factors of l.
3
Let i(h) = h - 15. Let v be i(18). Suppose 4*j - a = 219, 7*j + v*a = 3*j + 239. List the prime factors of j.
2, 7
What are the prime factors of 4 + 992*1 - (1 - -3)?
2, 31
Let d be 478 + 0 + -1 + 0. Suppose -s + d = 2*s. List the prime factors of 1/(-2) - s/(-6).
2, 13
Suppose -14890 = -12*m - 1378. What are the prime factors of m?
2, 563
Let h = 908 + -446. Suppose 0 = 6*y - h + 174. List the prime factors of y.
2, 3
Let z(w) = w**2 + 3*w + 4. Let p be z(-1). What are the prime factors of (122/(-4))/(p/(-12))?
3, 61
Suppose -40 = -4*i - 0*i. Suppose i = 6*g - g. Suppose 5*f + k - 46 = 0, -6 + g = k. List the prime factors of f.
2, 5
Suppose -19*q + 197 = -20*q. Let t = -113 - q. What are the prime factors of t?
2, 3, 7
Suppose 0 = -2*d + 5*k + 347, 4*d + 2*k = -0*d + 730. What are the prime factors of d?
181
Let i = 2379 + 241. List the prime factors of i.
2, 5, 131
Suppose -4*g = g - 45. Let w(z) = -2*z**2 + 4*z**2 - 4 + g*z + 5. List the prime factors of w(-7).
2, 3
Let q = -59 - -160. Suppose -82 = -3*m + q. List the prime factors of m.
61
Suppose 0*k - k + 439 = 4*g, 5*g = 2*k - 852. Suppose -2*s = 4*z - 7*z + k, 0 = 2*z + 4*s - 266. List the prime factors of z.
3, 47
Let v(r) = 93*r + 64. Let j(q) = 62*q + 43. Let g(m) = 8*j(m) - 5*v(m). What are the prime factors of g(8)?
2, 17
Suppose -2448 - 9312 = -14*u. List the prime factors of u.
2, 3, 5, 7
List the prime factors of 792 + 8 + (-18)/2.
7, 113
List the prime factors of (-2511)/18*(0 - 52/3).
2, 3, 13, 31
Suppose 3 = 5*j - 7. Let v be (-36)/(-14)*42/(-9). What are the prime factors of v/(-4) - (j - 18)?
19
Suppose -v = -2*b - 92, 3*v - 275 = 2*b + 3*b. What are the prime factors of v?
2, 3, 5
Let m be (-80)/(-15)*(58/4 + 2). Let a = 142 + m. What are the prime factors of a?
2, 5, 23
Let l(q) = 41*q**2 - 4*q - 7. List the prime factors of l(-3).
2, 11, 17
Let c(h) = 3*h**3 + 9*h**2 - 18*h + 7. Let d(m) = -6*m**3 - 19*m**2 + 37*m - 14. Let s(o) = 13*c(o) + 6*d(o). What are the prime factors of s(3)?
79
Suppose -52*t + 7461 + 9387 = 0. What are the prime factors of t?
2, 3
What are the prime factors of 2/(-5) + 92322/30?
17, 181
Suppose 4*z + o - 576 = 835, -2 = 2*o. Suppose -6*b + z = 5*m - 2*b, 5*b = -5*m + 350. List the prime factors of m.
73
Let p(x) = x**3 + x**2 - 3*x + 1. Let w be p(5). Let s = 259 - w. List the prime factors of s.
3, 41
Let x = -14 + 15. Let m = x - -1. Suppose 2*h + m*h - 36 = 0. List the prime factors of h.
3
Suppose 2*d = -4*d - 270. Let k = d - -95. Let q = k + 20. List the prime factors of q.
2, 5, 7
Let w(y) = y**2 - 7*y. Let k be w(7). Suppose 6*s - 4*s - 288 = k. Suppose 3*o - 7*o = -s. List the prime factors of o.
2, 3
Let n(c) be the first derivative of -c**4/12 + 2*c**3/3 - c**2 + 2. Let y(w) be the second derivative of n(w). List the prime factors of y(-3).
2, 5
Let x(g) = 3*g + 1. Let r be x(2). Let u = r - -18. What are the prime factors of u?
5
Let f(q) = -226*q - 10. List the prime factors of f(-2).
2, 13, 17
Let u(d) = -3*d**2 + 7*d + 4. Let i(m) = 5*m**2 - 10*m - 6. Let q(p) = 5*i(p) + 7*u(p). Let j(h) = h - 1. Let y be j(3). List the prime factors of q(y).
2, 3
Suppose -10*h + 15*